etermine w(d).
0
Let q = 539 - 535. Let c(j) be the first derivative of 3*j**2 - 1/3*j**3 - 2*j + 2. Calculate c(q).
6
Let v(y) be the second derivative of -5*y**4/12 + y**3/6 + y**2 - 28*y. Calculate v(-2).
-20
Let l = -468 + 464. Let v(u) be the third derivative of -u**5/60 - 5*u**4/24 + u**3/6 + u**2. Calculate v(l).
5
Let m(b) be the third derivative of 7*b**4/24 - 7*b**3/3 - 173*b**2. Determine m(2).
0
Suppose -2*x + 0 = -16. Let s(c) = c**2 - 6*c - 5. Determine s(x).
11
Let j = 38 - 27. Let v(r) = 4 + 3 - 25 + 3*r**2 - 2*r**2 - 10*r + 8. Determine v(j).
1
Let h(g) = 1 - 7 - 6*g**2 - g**3 + 3*g + 2*g. Let f = 48 + -44. Suppose -3*w + 15 = 0, f*r = 4*w - 26 - 22. Give h(r).
8
Let l be (-14)/(-6)*(5 - 2). Let y(x) = 3. Let i(b) = -b - 8. Let v(m) = l*y(m) + 2*i(m). Let t be ((-9)/4)/(3/(-8)). Determine v(t).
-7
Let g be 0 - (4 + -12) - 4. Suppose g*b + 18 = -2. Let o(s) = -7 - 7*s + 0 - s - s**2. What is o(b)?
8
Let a(i) = -154 + 14*i - i**2 - 156 + 442 - 162. Calculate a(12).
-6
Let i(w) = 9*w**2 - w - 6. Let z(g) = -5*g**2 + 3. Let u = -32 + 38. Let h(p) = u*i(p) + 11*z(p). Let v = 3 - 9. Determine h(v).
-3
Let o(k) = -11*k**3 + k**2. Let t(d) = d**2 - 15*d + 15. Let q be t(14). Suppose 4*u + q = 5*u. Calculate o(u).
-10
Let s(c) be the first derivative of c**2 - 3*c + 4. Let u(z) = -z**3 - 9*z**2 - 15*z - 52. Let p be u(-8). Calculate s(p).
5
Suppose -8*x = -4*x. Let b(j) = -2*j - 22 + 0*j + 19 + x*j. Calculate b(-6).
9
Suppose -4*z + 0*z + 8 = 0. Suppose 25 = -3*a - z. Let m(d) = d + 14. Give m(a).
5
Let x(w) be the third derivative of w**5/60 + 3*w**4/8 - w**3/2 + 90*w**2. Calculate x(-10).
7
Let y(h) be the second derivative of h**7/840 - h**6/180 + h**5/60 - h**4/8 + h**3/3 - 5*h. Let v(x) be the second derivative of y(x). Calculate v(2).
1
Let r(i) = -3*i - 6. Suppose -45*b + 154 = -67*b. Give r(b).
15
Let x = -4 - -1. Suppose 0*b - 2*o - 16 = -4*b, b - 2*o = 1. Let y(w) = b*w - 8 - 4*w + 9 + 1. What is y(x)?
-1
Let f be -1 + 1 + -1 + 6. Let d(v) = -16*v + 32. Let t(a) = 2*a - 5. Let u(c) = -d(c) - 7*t(c). Give u(f).
13
Let n(g) = -3*g**2 - 16*g + 6. Let l(y) = 5*y**2 + 21*y - 5. Let s(b) = -2*l(b) - 3*n(b). What is s(6)?
-8
Let d(u) = -u - u + 0*u. Suppose -3*q + 2*q + 4 = -x, x + 6 = 2*q. Calculate d(x).
4
Let o(h) = -h**2 - 5*h - 2. Let s(p) = 3*p - 52. Let b be s(16). Let q be -7 - (3 + (b - 2)). Determine o(q).
2
Let w(y) = y**2 + 6*y - 10. Let l be w(2). Let s(m) = -8 + 0 - 1 - 17*m + 25*m - m**2. Give s(l).
3
Let z(t) = -4*t + 14*t**2 - 30*t**2 + 3*t**2 + 2*t**2 + 10*t**2 - 4. Calculate z(-3).
-1
Let a(g) = 2*g**3 - 9*g**2 - 2*g + 13. Let p be a(6). Let z = 114 - p. Let k(u) = u + 2. Calculate k(z).
7
Let p(a) = a + 20. Let o(i) = i**3 + 4*i**2 + i - 5. Let m be o(-4). Give p(m).
11
Suppose -2*a = -2 - 8. Suppose -16*f + 11*f = a. Let d(r) = r**3 + 3*r**2 + 2*r + 1. Determine d(f).
1
Let k(p) = -4*p + 20. Let l(m) = m - 9 - 6 + 11. Let b(t) = 3*k(t) + 16*l(t). What is b(3)?
8
Let t(i) = 0 - 3 + 0*i + i. Suppose -2*n = 4*m + 16, -3*n + 5*m = m + 4. Let a(d) = -2*d - 1. Let s be a(n). What is t(s)?
4
Let m(b) = -b - 1. Let a = -10 + 8. Let n(t) = 1 - 2 + 3*t - 6*t - 2. Let i(q) = a*n(q) + 7*m(q). Calculate i(-3).
2
Let c(w) = 6*w**2 + w - 1. Let r be c(2). Let q = -25 + r. Let d(o) = q - 6*o + 3 + 0*o + 4*o. Calculate d(2).
-1
Let p(l) = -13*l**2 - 7*l. Let i(q) = 16*q**2 + 6*q + 6*q**2 - 14*q**2 + 4*q**2. Let g(z) = 6*i(z) + 5*p(z). What is g(-1)?
6
Let f(s) = -s + 1. Suppose -5*i = 4*z - 6 + 21, 0 = -2*z - i - 3. Give f(z).
1
Suppose 0 = -6*r + r + 30. Let b(q) = 3 + 10 - 3*q + r - 14. What is b(6)?
-13
Let y(p) = 23*p**2 + 5*p - 74. Let k(t) = 73*t**2 + 16*t - 223. Let a(c) = 6*k(c) - 19*y(c). Give a(0).
68
Let r be -4*2/(-12) + (-80)/12. Let t(f) = -20 - 17 + 43 + f + f. Give t(r).
-6
Let s = 265 - 263. Let b(g) = g**2 + g + 2. Determine b(s).
8
Let r = -181 - -165. Suppose 0*l = 2*l - 32. Let z be (-24)/r*l/(-6). Let m(i) = -i**2 - 4*i - 3. What is m(z)?
-3
Suppose -2*t + 3*t - 6 = 0. Let p(m) = -t + 7 + 3*m + 2*m - 7 + m**2. Suppose 0 = 5*g - 5*c + 55, -4*g + 7*g + 28 = 2*c. Give p(g).
0
Let d(q) be the first derivative of -3*q**2 - 3 - 8/3*q**3 + 7*q - 1/4*q**4. Calculate d(-7).
0
Let k be (-2)/(2*1/1). Let n(x) = 2*x - 13. Let b be n(8). Let s(m) = 280*m + 9*m**b - m**3 - 281*m. What is s(k)?
-7
Suppose -25 = -7*y + 10. Suppose 18 = -z - y*j + 3, -2*z + j - 52 = 0. Let k = -23 - z. Let v(s) = 4*s + 1. Give v(k).
9
Let x(b) be the third derivative of -b**4/24 + b**3/2 - b**2. Let z(r) = r**2 + 73*r + 823. Let d be z(-59). What is x(d)?
6
Let o(n) = 7*n + 1. Let a(g) = 8*g. Let l(v) = 3*a(v) - 4*o(v). What is l(3)?
-16
Let q(f) be the first derivative of f**2/2 + 2*f - 295. Determine q(6).
8
Suppose -6 = -2*w + 2. Let c(f) be the second derivative of 0 - 1/6*f**4 + 5/6*f**3 + 2*f**2 + 2*f. What is c(w)?
-8
Let k(u) = 2*u**3 - 10*u**2 - 7*u - 10. Let m(s) = 3*s**3 - 11*s**2 - 6*s - 10. Let a(n) = -4*k(n) + 3*m(n). Give a(-6).
-14
Let d(f) = -8*f - 6 + 318435*f**2 - 318436*f**2 + 1. Let h(q) = q + 1. Let u be h(-8). What is d(u)?
2
Let q(d) = -8*d**3 - d**2 + d + 1. Let s be q(-1). Suppose -4*n = 15 - s. Let y(w) = -w**2 - 3*w + 1. Calculate y(n).
3
Let r(f) be the third derivative of 0 + 1/6*f**3 - f**2 + 0*f - 1/24*f**4. Suppose -57*t - j = -62*t - 5*j + 5, 3*j = 0. What is r(t)?
0
Let k(m) = m**2 + 5*m + 2. Suppose -7 - 21 = 5*p - 4*y, 3*p + 6 = -3*y. Give k(p).
-2
Suppose 0 = t + 3*t - 8. Suppose -5*i + 25 = 0, -4*j = t*i + 2*i + 20. Let d = -4 - j. Let h(f) = f**3 - 7*f**2 + 6*f + 1. Give h(d).
1
Let g(o) = -7 + o**2 + 8 + 3*o - 3*o. Suppose -4*u + 4 - 16 = 0. Calculate g(u).
10
Let c(g) = -5*g**2 - g - 27. Let r(h) = 9*h**2 + 55. Let i(y) = 36*y**2 - y + 221. Let u(t) = 2*i(t) - 9*r(t). Let o(v) = -7*c(v) + 4*u(v). Give o(0).
-23
Let z = 25 - 21. Let i(s) be the third derivative of -s**4/8 + 5*s**3/6 + 2*s**2. Give i(z).
-7
Let q be -40*(-11)/(165/(-6)). Let j(w) = -w**2 - 15*w + 14. Give j(q).
-2
Let d = 3 + -2. Suppose -j + d = 6. Let p(y) = 2*y**3 - y**2 + 2*y - 2. Let a(z) = -5*z**3 + 8*z**2 - 4*z + 9. Let l(w) = -a(w) - 3*p(w). Calculate l(j).
7
Suppose -5*b + 2*t + 22 = 0, -b + 2*t = -4*b + 10. Let z(j) be the second derivative of -2*j**3/3 + 5*j**2/2 + 341*j. What is z(b)?
-11
Let r be (0/(-2))/(12/(-48)*-12). Let v(b) be the third derivative of 0 - 12*b**2 + 0*b - 1/24*b**4 + r*b**3. Calculate v(-2).
2
Let y(o) be the third derivative of o**5/60 + o**4/6 - 2*o**3/3 + 31*o**2. Let u be 3/(-2 - 12/(-8)). Determine y(u).
8
Let u = 13 - 16. Let p be (-6)/9 - (-1)/u. Let z(x) = 20*x**2 - x - 1. Calculate z(p).
20
Suppose -12*m - 62 = -26. Let z(d) = d**3 + 2*d**2 - 4. Give z(m).
-13
Let z(o) = -7*o**2 + 12*o - 41. Let y(p) = -13*p**2 + 23*p - 75. Let w(n) = -6*y(n) + 11*z(n). Suppose 6 = 3*j + 5*t - 14, -5*t + 10 = j. Calculate w(j).
-6
Let w(g) = g**2 + 5*g + 3. Let a be w(-4). Let h(p) = -29*p**2 + p. Calculate h(a).
-30
Let f(w) = w**3 + 10*w**2 - 8*w + 34. Let j be f(-11). Let t be -5 - (4 - j)/(-3). Let m(v) = -v**2 - 5*v - 2. Calculate m(t).
2
Let n(r) be the second derivative of r**7/2520 + r**6/90 - 3*r**5/40 - 17*r**4/12 + 22*r. Let w(s) be the third derivative of n(s). Give w(-9).
0
Let u(s) = -29*s + 2. Suppose -325*q = -308*q - 17. What is u(q)?
-27
Let j = -10 + 10. Let m(l) = 0*l**2 + j*l - l**2 + 0*l - 2. Let t = -58 - -56. Determine m(t).
-6
Let d(w) = w**3 - w - 2. Let t(i) = -i**3 - i**2 + i + 3. Let y(x) = 4*d(x) + 5*t(x). Let v = -4 - 1. Calculate y(v).
2
Let u(w) be the first derivative of w**7/84 + w**6/360 - w**5/120 - w**4/24 - 4*w**3/3 + 2. Let c(o) be the third derivative of u(o). Determine c(-1).
-9
Let u(s) = s**3 + 12*s**2 - 15*s - 29. Suppose 3 = -3*r, 5*h + 26 = -4*r - 43. Give u(h).
-3
Suppose 2*j + 3*j - 3*g = 118, 4*j + 3*g = 116. Let a = 15 + 12. Let p = a - j. Let b(r) = -9*r**3 - 2*r**2 + 2*r - 1. Give b(p).
-10
Suppose -8*k + 5 = 61. Let m(q) = q**3 + 8*q**2 + 5*q - 15. What is m(k)?
-1
Let z(n) = -n**2 + 11*n - 13. Let v be 15/10*(-104)/(-12)*1. Determine z(v).
-39
Let x(h) be the second derivative of -2*h**3/3 - 85*h**2/2 + 464*h. Determine x(-23).
7
Let w(t) = 12 + t**2 + 43*t + 34*t + 39*t - 124*t. What is w(5)?
-3
Let m(y) = -3*y**2 - 2*y - 2. Let w = -19 + 18. Let i 